{"id":737,"date":"2025-01-22T01:32:59","date_gmt":"2025-01-22T00:32:59","guid":{"rendered":"https:\/\/www.karate-stade.de\/?page_id=737"},"modified":"2025-01-25T03:33:35","modified_gmt":"2025-01-25T02:33:35","slug":"budoschule-karateschule-agathenburg-stade-2","status":"publish","type":"page","link":"https:\/\/www.karate-stade.de\/?page_id=737","title":{"rendered":"Unsere Verb\u00e4nde"},"content":{"rendered":"\t\t<div data-elementor-type=\"wp-page\" data-elementor-id=\"737\" class=\"elementor elementor-737\" data-elementor-post-type=\"page\">\n\t\t\t\t<div class=\"elementor-element elementor-element-88ed279 e-con-full e-flex e-con e-parent\" data-id=\"88ed279\" data-element_type=\"container\">\n\t\t<div class=\"elementor-element elementor-element-8243455 e-con-full e-flex e-con e-child\" data-id=\"8243455\" data-element_type=\"container\">\n\t\t\t\t<div class=\"elementor-element elementor-element-44b1c33 elementor-widget__width-initial elementor-cta--skin-classic elementor-animated-content elementor-bg-transform elementor-bg-transform-zoom-in elementor-widget elementor-widget-call-to-action\" data-id=\"44b1c33\" data-element_type=\"widget\" data-widget_type=\"call-to-action.default\">\n\t\t\t\t<div class=\"elementor-widget-container\">\n\t\t\t\t\t\t\t<div class=\"elementor-cta\">\n\t\t\t\t\t<div class=\"elementor-cta__bg-wrapper\">\n\t\t\t\t<div class=\"elementor-cta__bg elementor-bg\" style=\"background-image: url(https:\/\/www.karate-stade.de\/wp-content\/uploads\/2025\/01\/IMG-20241006-WA0018-1024x768.jpg);\" role=\"img\" aria-label=\"IMG-20241006-WA0018\"><\/div>\n\t\t\t\t<div class=\"elementor-cta__bg-overlay\"><\/div>\n\t\t\t<\/div>\n\t\t\t\t\t\t\t<div class=\"elementor-cta__content\">\n\t\t\t\t\n\t\t\t\t\t\t\t\t\t<h2 class=\"elementor-cta__title elementor-cta__content-item elementor-content-item\">\n\t\t\t\t\t\tDai Nippon Butokukai Japan\t\t\t\t\t<\/h2>\n\t\t\t\t\n\t\t\t\t\t\t\t\t\t<div class=\"elementor-cta__description elementor-cta__content-item elementor-content-item\">\n\t\t\t\t\t\tUnser Dojo ist an DIE japanische Budovereinigung, den\n\nDai Nippon Butoku Kai\n\n(gegr\u00fcndet unter der Schirmherrschaft des japanischen Kaiserhauses, welches bis in das  Jahr 818 zur\u00fcck reicht) angeschlossen und repr\u00e4sentiert diesen seit 2010 hier in Deutschland. Unser Unterrichtsgeschehen und Vereinsleben ist direkt darauf ausgerichtet. \t\t\t\t\t<\/div>\n\t\t\t\t\n\t\t\t\t\t\t\t\t\t<div class=\"elementor-cta__button-wrapper elementor-cta__content-item elementor-content-item \">\n\t\t\t\t\t<a class=\"elementor-cta__button elementor-button elementor-size-\" href=\"https:\/\/www.dai-nippon-butoku-kai.de\/\">\n\t\t\t\t\t\tDai Nippon Butokukai Germany\t\t\t\t\t<\/a>\n\t\t\t\t\t<\/div>\n\t\t\t\t\t\t\t<\/div>\n\t\t\t\t\t\t<\/div>\n\t\t\t\t\t\t<\/div>\n\t\t\t\t<\/div>\n\t\t\t\t<\/div>\n\t\t<div class=\"elementor-element elementor-element-e56d9fd e-con-full e-flex e-con e-child\" data-id=\"e56d9fd\" data-element_type=\"container\">\n\t\t\t\t<div class=\"elementor-element elementor-element-3175ca1 elementor-cta--skin-classic elementor-animated-content elementor-bg-transform elementor-bg-transform-zoom-in elementor-widget elementor-widget-call-to-action\" data-id=\"3175ca1\" data-element_type=\"widget\" data-widget_type=\"call-to-action.default\">\n\t\t\t\t<div class=\"elementor-widget-container\">\n\t\t\t\t\t\t\t<div class=\"elementor-cta\">\n\t\t\t\t\t<div class=\"elementor-cta__bg-wrapper\">\n\t\t\t\t<div class=\"elementor-cta__bg elementor-bg\" style=\"background-image: url(https:\/\/www.karate-stade.de\/wp-content\/uploads\/2025\/01\/Bushido-Shin-Renmei.jpg);\" role=\"img\" aria-label=\"Bushido Shin Renmei\"><\/div>\n\t\t\t\t<div class=\"elementor-cta__bg-overlay\"><\/div>\n\t\t\t<\/div>\n\t\t\t\t\t\t\t<div class=\"elementor-cta__content\">\n\t\t\t\t\n\t\t\t\t\t\t\t\t\t<h2 class=\"elementor-cta__title elementor-cta__content-item elementor-content-item\">\n\t\t\t\t\t\tBushido Shin Renmei\t\t\t\t\t<\/h2>\n\t\t\t\t\n\t\t\t\t\t\t\t\t\t<div class=\"elementor-cta__description elementor-cta__content-item elementor-content-item\">\n\t\t\t\t\t\tUnser Dojo ist angeschlossen an den deutschen Kampfkunstverband \"Bushido Shin Renmei e.V.\".\n Hier arbeiten wir mit kompetenten nationalen und internationalen Partnern und Freunden aus dem Budo und Kampfsportbereich eng seit weit \u00fcber 20 Jahren erfolgreich zusammen.<br>.\t\t\t\t\t<\/div>\n\t\t\t\t\n\t\t\t\t\t\t\t\t\t<div class=\"elementor-cta__button-wrapper elementor-cta__content-item elementor-content-item \">\n\t\t\t\t\t<a class=\"elementor-cta__button elementor-button elementor-size-\" href=\"https:\/\/www.bushido-shin-renmei.de\/\">\n\t\t\t\t\t\tVerband Bushido Shin Renmei\t\t\t\t\t<\/a>\n\t\t\t\t\t<\/div>\n\t\t\t\t\t\t\t<\/div>\n\t\t\t\t\t\t<\/div>\n\t\t\t\t\t\t<\/div>\n\t\t\t\t<\/div>\n\t\t\t\t<\/div>\n\t\t<div class=\"elementor-element elementor-element-5b0dc27 e-con-full e-flex e-con e-child\" data-id=\"5b0dc27\" data-element_type=\"container\">\n\t\t\t\t<\/div>\n\t\t<div class=\"elementor-element elementor-element-665f09b e-con-full e-flex e-con e-child\" data-id=\"665f09b\" data-element_type=\"container\">\n\t\t\t\t<\/div>\n\t\t\t\t<\/div>\n\t\t\t\t<\/div>\n\t\t","protected":false},"excerpt":{"rendered":"<p>Dai Nippon Butokukai Japan Unser Dojo ist an DIE japanische Budovereinigung, den Dai Nippon Butoku Kai (gegr\u00fcndet unter der Schirmherrschaft des japanischen Kaiserhauses, welches bis in das Jahr 818 zur\u00fcck reicht) angeschlossen und repr\u00e4sentiert diesen seit 2010 hier in Deutschland. Unser Unterrichtsgeschehen und Vereinsleben ist direkt darauf ausgerichtet. Dai Nippon Butokukai Germany Bushido Shin Renmei [&hellip;]<\/p>\n","protected":false},"author":1,"featured_media":0,"parent":0,"menu_order":6,"comment_status":"closed","ping_status":"closed","template":"","meta":{"footnotes":""},"class_list":["post-737","page","type-page","status-publish","hentry"],"yoast_head":"<!-- This site is optimized with the Yoast SEO plugin v24.3 - https:\/\/yoast.com\/wordpress\/plugins\/seo\/ -->\n<title>Unsere Verb\u00e4nde - Karateschule Agathenburg Stade<\/title>\n<meta name=\"description\" content=\"Unsere Partnerverb\u00e4nde\" \/>\n<meta name=\"robots\" content=\"index, follow, max-snippet:-1, max-image-preview:large, max-video-preview:-1\" \/>\n<link rel=\"canonical\" href=\"https:\/\/www.karate-stade.de\/?page_id=737\" \/>\n<meta property=\"og:locale\" content=\"de_DE\" \/>\n<meta property=\"og:type\" content=\"article\" \/>\n<meta property=\"og:title\" content=\"Unsere Verb\u00e4nde - Karateschule Agathenburg Stade\" \/>\n<meta property=\"og:description\" content=\"Unsere Partnerverb\u00e4nde\" \/>\n<meta property=\"og:url\" content=\"https:\/\/www.karate-stade.de\/?page_id=737\" \/>\n<meta property=\"og:site_name\" content=\"Karateschule Agathenburg Stade\" \/>\n<meta property=\"article:modified_time\" content=\"2025-01-25T02:33:35+00:00\" \/>\n<meta name=\"twitter:card\" content=\"summary_large_image\" \/>\n<meta name=\"twitter:label1\" content=\"Gesch\u00e4tzte Lesezeit\" \/>\n\t<meta name=\"twitter:data1\" content=\"1\u00a0Minute\" \/>\n<script type=\"application\/ld+json\" class=\"yoast-schema-graph\">{\"@context\":\"https:\/\/schema.org\",\"@graph\":[{\"@type\":\"WebPage\",\"@id\":\"https:\/\/www.karate-stade.de\/?page_id=737\",\"url\":\"https:\/\/www.karate-stade.de\/?page_id=737\",\"name\":\"Unsere Verb\u00e4nde - Karateschule Agathenburg Stade\",\"isPartOf\":{\"@id\":\"https:\/\/www.karate-stade.de\/#website\"},\"datePublished\":\"2025-01-22T00:32:59+00:00\",\"dateModified\":\"2025-01-25T02:33:35+00:00\",\"description\":\"Unsere Partnerverb\u00e4nde\",\"breadcrumb\":{\"@id\":\"https:\/\/www.karate-stade.de\/?page_id=737#breadcrumb\"},\"inLanguage\":\"de\",\"potentialAction\":[{\"@type\":\"ReadAction\",\"target\":[\"https:\/\/www.karate-stade.de\/?page_id=737\"]}]},{\"@type\":\"BreadcrumbList\",\"@id\":\"https:\/\/www.karate-stade.de\/?page_id=737#breadcrumb\",\"itemListElement\":[{\"@type\":\"ListItem\",\"position\":1,\"name\":\"Startseite\",\"item\":\"https:\/\/www.karate-stade.de\/\"},{\"@type\":\"ListItem\",\"position\":2,\"name\":\"Unsere Verb\u00e4nde\"}]},{\"@type\":\"WebSite\",\"@id\":\"https:\/\/www.karate-stade.de\/#website\",\"url\":\"https:\/\/www.karate-stade.de\/\",\"name\":\"Karateschule Agathenburg Stade\",\"description\":\"Seit \u00fcber 23 Jahren international erfolgreich aktiv\",\"publisher\":{\"@id\":\"https:\/\/www.karate-stade.de\/#organization\"},\"potentialAction\":[{\"@type\":\"SearchAction\",\"target\":{\"@type\":\"EntryPoint\",\"urlTemplate\":\"https:\/\/www.karate-stade.de\/?s={search_term_string}\"},\"query-input\":{\"@type\":\"PropertyValueSpecification\",\"valueRequired\":true,\"valueName\":\"search_term_string\"}}],\"inLanguage\":\"de\"},{\"@type\":\"Organization\",\"@id\":\"https:\/\/www.karate-stade.de\/#organization\",\"name\":\"Karateschule Agathenburg Stade\",\"url\":\"https:\/\/www.karate-stade.de\/\",\"logo\":{\"@type\":\"ImageObject\",\"inLanguage\":\"de\",\"@id\":\"https:\/\/www.karate-stade.de\/#\/schema\/logo\/image\/\",\"url\":\"https:\/\/www.karate-stade.de\/wp-content\/uploads\/2025\/01\/IMG-20230412-WA0000.jpg\",\"contentUrl\":\"https:\/\/www.karate-stade.de\/wp-content\/uploads\/2025\/01\/IMG-20230412-WA0000.jpg\",\"width\":1200,\"height\":1600,\"caption\":\"Karateschule Agathenburg Stade\"},\"image\":{\"@id\":\"https:\/\/www.karate-stade.de\/#\/schema\/logo\/image\/\"}}]}<\/script>\n<!-- \/ Yoast SEO plugin. -->","yoast_head_json":{"title":"Unsere Verb\u00e4nde - Karateschule Agathenburg Stade","description":"Unsere Partnerverb\u00e4nde","robots":{"index":"index","follow":"follow","max-snippet":"max-snippet:-1","max-image-preview":"max-image-preview:large","max-video-preview":"max-video-preview:-1"},"canonical":"https:\/\/www.karate-stade.de\/?page_id=737","og_locale":"de_DE","og_type":"article","og_title":"Unsere Verb\u00e4nde - Karateschule Agathenburg Stade","og_description":"Unsere Partnerverb\u00e4nde","og_url":"https:\/\/www.karate-stade.de\/?page_id=737","og_site_name":"Karateschule Agathenburg Stade","article_modified_time":"2025-01-25T02:33:35+00:00","twitter_card":"summary_large_image","twitter_misc":{"Gesch\u00e4tzte Lesezeit":"1\u00a0Minute"},"schema":{"@context":"https:\/\/schema.org","@graph":[{"@type":"WebPage","@id":"https:\/\/www.karate-stade.de\/?page_id=737","url":"https:\/\/www.karate-stade.de\/?page_id=737","name":"Unsere Verb\u00e4nde - Karateschule Agathenburg Stade","isPartOf":{"@id":"https:\/\/www.karate-stade.de\/#website"},"datePublished":"2025-01-22T00:32:59+00:00","dateModified":"2025-01-25T02:33:35+00:00","description":"Unsere Partnerverb\u00e4nde","breadcrumb":{"@id":"https:\/\/www.karate-stade.de\/?page_id=737#breadcrumb"},"inLanguage":"de","potentialAction":[{"@type":"ReadAction","target":["https:\/\/www.karate-stade.de\/?page_id=737"]}]},{"@type":"BreadcrumbList","@id":"https:\/\/www.karate-stade.de\/?page_id=737#breadcrumb","itemListElement":[{"@type":"ListItem","position":1,"name":"Startseite","item":"https:\/\/www.karate-stade.de\/"},{"@type":"ListItem","position":2,"name":"Unsere Verb\u00e4nde"}]},{"@type":"WebSite","@id":"https:\/\/www.karate-stade.de\/#website","url":"https:\/\/www.karate-stade.de\/","name":"Karateschule Agathenburg Stade","description":"Seit \u00fcber 23 Jahren international erfolgreich aktiv","publisher":{"@id":"https:\/\/www.karate-stade.de\/#organization"},"potentialAction":[{"@type":"SearchAction","target":{"@type":"EntryPoint","urlTemplate":"https:\/\/www.karate-stade.de\/?s={search_term_string}"},"query-input":{"@type":"PropertyValueSpecification","valueRequired":true,"valueName":"search_term_string"}}],"inLanguage":"de"},{"@type":"Organization","@id":"https:\/\/www.karate-stade.de\/#organization","name":"Karateschule Agathenburg Stade","url":"https:\/\/www.karate-stade.de\/","logo":{"@type":"ImageObject","inLanguage":"de","@id":"https:\/\/www.karate-stade.de\/#\/schema\/logo\/image\/","url":"https:\/\/www.karate-stade.de\/wp-content\/uploads\/2025\/01\/IMG-20230412-WA0000.jpg","contentUrl":"https:\/\/www.karate-stade.de\/wp-content\/uploads\/2025\/01\/IMG-20230412-WA0000.jpg","width":1200,"height":1600,"caption":"Karateschule Agathenburg Stade"},"image":{"@id":"https:\/\/www.karate-stade.de\/#\/schema\/logo\/image\/"}}]}},"_links":{"self":[{"href":"https:\/\/www.karate-stade.de\/index.php?rest_route=\/wp\/v2\/pages\/737","targetHints":{"allow":["GET"]}}],"collection":[{"href":"https:\/\/www.karate-stade.de\/index.php?rest_route=\/wp\/v2\/pages"}],"about":[{"href":"https:\/\/www.karate-stade.de\/index.php?rest_route=\/wp\/v2\/types\/page"}],"author":[{"embeddable":true,"href":"https:\/\/www.karate-stade.de\/index.php?rest_route=\/wp\/v2\/users\/1"}],"replies":[{"embeddable":true,"href":"https:\/\/www.karate-stade.de\/index.php?rest_route=%2Fwp%2Fv2%2Fcomments&post=737"}],"version-history":[{"count":46,"href":"https:\/\/www.karate-stade.de\/index.php?rest_route=\/wp\/v2\/pages\/737\/revisions"}],"predecessor-version":[{"id":1024,"href":"https:\/\/www.karate-stade.de\/index.php?rest_route=\/wp\/v2\/pages\/737\/revisions\/1024"}],"wp:attachment":[{"href":"https:\/\/www.karate-stade.de\/index.php?rest_route=%2Fwp%2Fv2%2Fmedia&parent=737"}],"curies":[{"name":"wp","href":"https:\/\/api.w.org\/{rel}","templated":true}]}}

Unsere Verbände

<div data-elementor-type="wp-page" data-elementor-id="737" class="elementor elementor-737" data-elementor-post-type="page">
				<div class="elementor-element elementor-element-88ed279 e-con-full e-flex e-con e-parent" data-id="88ed279" data-element_type="container">
		<div class="elementor-element elementor-element-8243455 e-con-full e-flex e-con e-child" data-id="8243455" data-element_type="container">
				<div class="elementor-element elementor-element-44b1c33 elementor-widget__width-initial elementor-cta--skin-classic elementor-animated-content elementor-bg-transform elementor-bg-transform-zoom-in elementor-widget elementor-widget-call-to-action" data-id="44b1c33" data-element_type="widget" data-widget_type="call-to-action.default">
				<div class="elementor-widget-container">
							<div class="elementor-cta">
					<div class="elementor-cta__bg-wrapper">
				<div class="elementor-cta__bg elementor-bg" style="background-image: url(https://www.karate-stade.de/wp-content/uploads/2025/01/IMG-20241006-WA0018-1024x768.jpg);" role="img" aria-label="IMG-20241006-WA0018"></div>
				<div class="elementor-cta__bg-overlay"></div>
			</div>
							<div class="elementor-cta__content">
				
									<h2 class="elementor-cta__title elementor-cta__content-item elementor-content-item">
						Dai Nippon Butokukai Japan					</h2>
				
									<div class="elementor-cta__description elementor-cta__content-item elementor-content-item">
						Unser Dojo ist an DIE japanische Budovereinigung, den

Dai Nippon Butoku Kai

(gegründet unter der Schirmherrschaft des japanischen Kaiserhauses, welches bis in das  Jahr 818 zurück reicht) angeschlossen und repräsentiert diesen seit 2010 hier in Deutschland. Unser Unterrichtsgeschehen und Vereinsleben ist direkt darauf ausgerichtet. 					</div>
				
									<div class="elementor-cta__button-wrapper elementor-cta__content-item elementor-content-item ">
					<a class="elementor-cta__button elementor-button elementor-size-" href="https://www.dai-nippon-butoku-kai.de/">
						Dai Nippon Butokukai Germany					</a>
					</div>
							</div>
						</div>
						</div>
				</div>
				</div>
		<div class="elementor-element elementor-element-e56d9fd e-con-full e-flex e-con e-child" data-id="e56d9fd" data-element_type="container">
				<div class="elementor-element elementor-element-3175ca1 elementor-cta--skin-classic elementor-animated-content elementor-bg-transform elementor-bg-transform-zoom-in elementor-widget elementor-widget-call-to-action" data-id="3175ca1" data-element_type="widget" data-widget_type="call-to-action.default">
				<div class="elementor-widget-container">
							<div class="elementor-cta">
					<div class="elementor-cta__bg-wrapper">
				<div class="elementor-cta__bg elementor-bg" style="background-image: url(https://www.karate-stade.de/wp-content/uploads/2025/01/Bushido-Shin-Renmei.jpg);" role="img" aria-label="Bushido Shin Renmei"></div>
				<div class="elementor-cta__bg-overlay"></div>
			</div>
							<div class="elementor-cta__content">
				
									<h2 class="elementor-cta__title elementor-cta__content-item elementor-content-item">
						Bushido Shin Renmei					</h2>
				
									<div class="elementor-cta__description elementor-cta__content-item elementor-content-item">
						Unser Dojo ist angeschlossen an den deutschen Kampfkunstverband "Bushido Shin Renmei e.V.".
 Hier arbeiten wir mit kompetenten nationalen und internationalen Partnern und Freunden aus dem Budo und Kampfsportbereich eng seit weit über 20 Jahren erfolgreich zusammen.<br>.					</div>
				
									<div class="elementor-cta__button-wrapper elementor-cta__content-item elementor-content-item ">
					<a class="elementor-cta__button elementor-button elementor-size-" href="https://www.bushido-shin-renmei.de/">
						Verband Bushido Shin Renmei					</a>
					</div>
							</div>
						</div>
						</div>
				</div>
				</div>
		<div class="elementor-element elementor-element-5b0dc27 e-con-full e-flex e-con e-child" data-id="5b0dc27" data-element_type="container">
				</div>
		<div class="elementor-element elementor-element-665f09b e-con-full e-flex e-con e-child" data-id="665f09b" data-element_type="container">
				</div>
				</div>
				</div>

<p>Dai Nippon Butokukai Japan Unser Dojo ist an DIE japanische Budovereinigung, den Dai Nippon Butoku Kai (gegründet unter der Schirmherrschaft des japanischen Kaiserhauses, welches bis in das Jahr 818 zurück reicht) angeschlossen und repräsentiert diesen seit 2010 hier in Deutschland. Unser Unterrichtsgeschehen und Vereinsleben ist direkt darauf ausgerichtet. Dai Nippon Butokukai Germany Bushido Shin Renmei [&hellip;]</p>

<!-- This site is optimized with the Yoast SEO plugin v24.3 - https://yoast.com/wordpress/plugins/seo/ -->
<title>Unsere Verbände - Karateschule Agathenburg Stade</title>
<meta name="description" content="Unsere Partnerverbände" />
<meta name="robots" content="index, follow, max-snippet:-1, max-image-preview:large, max-video-preview:-1" />
<link rel="canonical" href="https://www.karate-stade.de/?page_id=737" />
<meta property="og:locale" content="de_DE" />
<meta property="og:type" content="article" />
<meta property="og:title" content="Unsere Verbände - Karateschule Agathenburg Stade" />
<meta property="og:description" content="Unsere Partnerverbände" />
<meta property="og:url" content="https://www.karate-stade.de/?page_id=737" />
<meta property="og:site_name" content="Karateschule Agathenburg Stade" />
<meta property="article:modified_time" content="2025-01-25T02:33:35+00:00" />
<meta name="twitter:card" content="summary_large_image" />
<meta name="twitter:label1" content="Geschätzte Lesezeit" />
	<meta name="twitter:data1" content="1 Minute" />
<script type="application/ld+json" class="yoast-schema-graph">{"@context":"https://schema.org","@graph":[{"@type":"WebPage","@id":"https://www.karate-stade.de/?page_id=737","url":"https://www.karate-stade.de/?page_id=737","name":"Unsere Verbände - Karateschule Agathenburg Stade","isPartOf":{"@id":"https://www.karate-stade.de/#website"},"datePublished":"2025-01-22T00:32:59+00:00","dateModified":"2025-01-25T02:33:35+00:00","description":"Unsere Partnerverbände","breadcrumb":{"@id":"https://www.karate-stade.de/?page_id=737#breadcrumb"},"inLanguage":"de","potentialAction":[{"@type":"ReadAction","target":["https://www.karate-stade.de/?page_id=737"]}]},{"@type":"BreadcrumbList","@id":"https://www.karate-stade.de/?page_id=737#breadcrumb","itemListElement":[{"@type":"ListItem","position":1,"name":"Startseite","item":"https://www.karate-stade.de/"},{"@type":"ListItem","position":2,"name":"Unsere Verbände"}]},{"@type":"WebSite","@id":"https://www.karate-stade.de/#website","url":"https://www.karate-stade.de/","name":"Karateschule Agathenburg Stade","description":"Seit über 23 Jahren international erfolgreich aktiv","publisher":{"@id":"https://www.karate-stade.de/#organization"},"potentialAction":[{"@type":"SearchAction","target":{"@type":"EntryPoint","urlTemplate":"https://www.karate-stade.de/?s={search_term_string}"},"query-input":{"@type":"PropertyValueSpecification","valueRequired":true,"valueName":"search_term_string"}}],"inLanguage":"de"},{"@type":"Organization","@id":"https://www.karate-stade.de/#organization","name":"Karateschule Agathenburg Stade","url":"https://www.karate-stade.de/","logo":{"@type":"ImageObject","inLanguage":"de","@id":"https://www.karate-stade.de/#/schema/logo/image/","url":"https://www.karate-stade.de/wp-content/uploads/2025/01/IMG-20230412-WA0000.jpg","contentUrl":"https://www.karate-stade.de/wp-content/uploads/2025/01/IMG-20230412-WA0000.jpg","width":1200,"height":1600,"caption":"Karateschule Agathenburg Stade"},"image":{"@id":"https://www.karate-stade.de/#/schema/logo/image/"}}]}</script>
<!-- / Yoast SEO plugin. -->

Unsere Verbände - Karateschule Agathenburg Stade

Unsere Partnerverbände

Seit über 23 Jahren international erfolgreich aktiv
